{"id":19,"date":"2016-07-18T07:52:22","date_gmt":"2016-07-18T07:52:22","guid":{"rendered":"http:\/\/blogs.escolacristiana.org\/formacio\/?page_id=19"},"modified":"2022-10-25T11:37:18","modified_gmt":"2022-10-25T10:37:18","slug":"inici","status":"publish","type":"page","link":"http:\/\/blogs.escolacristiana.org\/formacio\/","title":{"rendered":"INICI"},"content":{"rendered":"<div class=\"fusion-fullwidth fullwidth-box fusion-builder-row-1 nonhundred-percent-fullwidth non-hundred-percent-height-scrolling\"  style='background-color: rgba(255,255,255,0);background-position: center center;background-repeat: no-repeat;padding-top:0px;padding-right:0px;padding-bottom:0px;padding-left:0px;'><div class=\"fusion-builder-row fusion-row \"><div  class=\"fusion-layout-column fusion_builder_column fusion_builder_column_1_1 fusion-builder-column-1 fusion-one-full fusion-column-first fusion-column-last 1_1\"  style='margin-top:0px;margin-bottom:0px;'>\n\t\t\t\t\t<div class=\"fusion-column-wrapper\" style=\"padding: 0px 0px 0px 0px;background-position:left top;background-repeat:no-repeat;-webkit-background-size:cover;-moz-background-size:cover;-o-background-size:cover;background-size:cover;\"   data-bg-url=\"\">\n\t\t\t\t\t\t<div class=\"fusion-text\"><p style=\"text-align: justify\"><img loading=\"lazy\" decoding=\"async\" class=\"wp-image-17 alignright\" src=\"http:\/\/blogs.escolacristiana.org\/formacio\/files\/2016\/07\/FECC_quadrat-colors.jpg\" alt=\"FECC_quadrat colors\" width=\"151\" height=\"152\" srcset=\"http:\/\/blogs.escolacristiana.org\/formacio\/files\/2016\/07\/FECC_quadrat-colors-150x150.jpg 150w, http:\/\/blogs.escolacristiana.org\/formacio\/files\/2016\/07\/FECC_quadrat-colors.jpg 250w\" sizes=\"(max-width: 151px) 100vw, 151px\" \/><\/p>\n<p>L\u2019oferta formativa de la FECC est\u00e0 organitzada tant per PROGRAMES, on es tracten grans \u00e0rees tem\u00e0tiques en les que s\u2019han agrupat diferents \u00e0mbits, i com per ITINERARIS, destinats a diferents rols o perfils de treball de les escoles.<\/p>\n<p>A continuaci\u00f3 presentem els <strong>PROGRAMES<\/strong> amb els que s\u2019han agrupat les diferents accions formatives que oferim des de la FECC.<\/p>\n<p style=\"text-align: justify;padding-left: 30px\">\u25b8<strong>Gesti\u00f3 i organitzaci\u00f3 de centres<\/strong><\/p>\n<p style=\"padding-left: 40px\">Recull les accions formatives adre\u00e7ades a facilitar eines i instruments operatius que permetin l\u2019organitzaci\u00f3 i la gesti\u00f3 del centre en diferents \u00e0mbits a fi d&#8217;assolir els objectius definits al projecte educatiu i retre comptes davant la comunitat i l&#8217;Administraci\u00f3 educativa.<\/p>\n<p style=\"padding-left: 40px\">L\u2019objectiu d\u2019aquest programa \u00e9s facilitar coneixements per a qu\u00e8 els directius i administradors siguin competents en les seves funcions i actualitzin els seu coneixements. Tenir una \u00e0mplia visi\u00f3 de la normativa educativa que afecta als centres, supervisar la gesti\u00f3 laboral del centre educatius, atendre les diferents obligacions de l\u2019escola amb l\u2019administraci\u00f3 corresponent segons el tr\u00e0mit, assumir i dirigir la gesti\u00f3 econ\u00f2mica i financera del centre, i prendre consci\u00e8ncia sobre la import\u00e0ncia de la comunicaci\u00f3 i atenci\u00f3 de qualitat.<\/p>\n<p style=\"padding-left: 40px\">Dins d\u2019aquest programa trobem accions formatives de l\u2019\u00e0mbit de m\u00e0rqueting educatiu, habilitats directives, gesti\u00f3 i millora cont\u00ednua, avaluaci\u00f3 i planificaci\u00f3 de centre, administraci\u00f3 i gesti\u00f3 escolar.<\/p>\n<p style=\"text-align: justify;padding-left: 30px\">\u25b8<strong>Intervenci\u00f3 a l\u2019aula<\/strong><\/p>\n<p style=\"padding-left: 40px\">Recull les accions formatives adre\u00e7ades als docents per facilitar eines i recursos per millorar l\u2019aplicaci\u00f3 de metodologies did\u00e0ctiques.<\/p>\n<p style=\"padding-left: 40px\">L\u2019objectiu d\u2019aquest programa \u00e9s ajudar als docents a dissenyar projectes s\u00f2lids, globals, adaptats al seu context i sostenibles en el temps per a la millora de l\u2019aprenentatge.<\/p>\n<p style=\"padding-left: 40px\">En aquest programa es recullen totes aquelles accions formatives adre\u00e7ades a facilitar metodologies, eines i recursos tecnol\u00f2gics i multiling\u00fces per a la integraci\u00f3 curricular, i a promoure el lideratge pedag\u00f2gic dins l\u2019aula.<\/p>\n<p style=\"text-align: justify;padding-left: 30px\">\u25b8<strong>Acompanyament i orientaci\u00f3 a l\u2019alumne<\/strong><\/p>\n<p style=\"padding-left: 40px\">Programa format pel conjunt d\u2019accions formatives que tenen per objectiu perfeccionar l\u2019acci\u00f3 tutorial que es fa al centre, tant per la millora de les compet\u00e8ncies personals de cada tutor com per l\u2019acompanyament que requereix l\u2019alumnat.<\/p>\n<p style=\"padding-left: 40px\">El programa recull accions per engegar processos d\u2019aven\u00e7 cap a la inclusi\u00f3 en \u00e0mbits molt diferents del centre i aprofundir en el proc\u00e9s d\u2019aprenentatge dels alumnes.<\/p>\n<p style=\"padding-left: 40px\">Al programa s\u2019inclouen les accions formatives adre\u00e7ades al proc\u00e9s de tutoria dels centres, temes relacionats amb la inclusi\u00f3 i la neuroci\u00e8ncia.<\/p>\n<p style=\"text-align: justify;padding-left: 30px\">\u25b8<strong>Identitat i missi\u00f3<\/strong><\/p>\n<p style=\"padding-left: 40px\">En aquest programa es recullen el conjunt d\u2019accions formatives que acrediten la Compet\u00e8ncia en Pastoral Educativa, una formaci\u00f3 cont\u00ednua i necess\u00e0ria, no tan sols per a persones destinades a liderar el projecte evangelitzador dels centres, sin\u00f3 per a qualsevol docent d\u2019una escola cristiana.<\/p>\n<p style=\"padding-left: 40px\">La Pastoral Educativa l\u2019entenem com un comprom\u00eds i acci\u00f3 de tota la comunitat educativa. \u00c9s un element de transformaci\u00f3 de la realitat sociocultural de l\u2019entorn i per tant ha de ser l\u2019element transversal d\u2019identitat cristiana en totes les activitats educatives del centre.<\/p>\n<p style=\"padding-left: 40px\">La relaci\u00f3 dels centres escolars amb altres entitats i recursos es poden aprofitar en clau de col\u00b7laboraci\u00f3 i benefici mutu. Obrir l\u2019escola a l\u2019entorn amb l\u2019objectiu de convertir-se en un recurs de la comunitat \u00e9s l\u2019objectiu de l\u2019\u00e0mbit socioeducatiu.<\/p>\n<p style=\"padding-left: 40px\">El recull d\u2019accions formatives d\u2019aquest programa va adre\u00e7at als docents amb l\u2019objectiu de facilitar recursos i materials per treballar als centres i participar com agents de la comunitat.<\/p>\n<p style=\"text-align: justify;padding-left: 30px\">\u25b8<strong>Creixement personal<\/strong><\/p>\n<p style=\"padding-left: 40px\">Un punt clau en les habilitats personals \u00e9s l\u2019autoconeixement i la capacitat per comunicar-se, i la intel\u00b7lig\u00e8ncia emocional hi juga un paper important, tant la interpersonal com la intrapersonal.<\/p>\n<p style=\"padding-left: 40px\">En aquest programa es recullen totes les accions formatives que tenen com a objectiu millorar les habilitats personals, amb la finalitat d\u2019obtenir una millora substancial en la gesti\u00f3 personal al servei de l\u2019escola.<\/p>\n<p style=\"padding-left: 40px\">Les tem\u00e0tiques s\u00f3n molt diverses, i van des del foment de les habilitats directives i les habilitats personals i de relaci\u00f3 amb els altres, com ara certs aspectes externs o f\u00edsics que incideixen en les persones i que poden tenir un efecte sobre la feina i les relacions.<\/p>\n<p>Els <strong>ITINERARIS<\/strong> amb els que presentem l\u2019oferta formativa tenen l\u2019objectiu d\u2019ajudar a visualitzar les accions formatives a les que considerem que va adre\u00e7ada priorit\u00e0riament, tot i que en alguns casos pot ser d\u2019inter\u00e8s a m\u00e9s d\u2019un perfil del centre pel tema a treballar.<\/p>\n<p style=\"text-align: justify;padding-left: 30px\">\u25b8<strong>Docent<\/strong><\/p>\n<p style=\"padding-left: 40px\">Mestres, professors i educadors de qualsevol etapa educativa que realitzen la seva tasca a l\u2019aula directament.<\/p>\n<p style=\"text-align: justify;padding-left: 30px\">\u25b8<strong>Tutor<\/strong><\/p>\n<p style=\"padding-left: 40px\">Docent responsable d\u2019un grup classe i referent per a les fam\u00edlies del grup classe.<\/p>\n<p style=\"text-align: justify;padding-left: 30px\">\u25b8<strong>C\u00e0rrec intermedi<\/strong><\/p>\n<p style=\"padding-left: 40px\">Caps d\u2019estudi, caps de departament, coordinadors d\u2019etapa.<\/p>\n<p style=\"text-align: justify;padding-left: 30px\">\u25b8<strong>Directiu<\/strong><\/p>\n<p style=\"padding-left: 40px\">Directors, titulars, membres d\u2019equips directius<\/p>\n<p style=\"text-align: justify;padding-left: 30px\">\u25b8<strong>Responsable de comunicaci\u00f3<\/strong><\/p>\n<p style=\"padding-left: 40px\">Encarregat de realitzar les tasques de comunicaci\u00f3 interna i externa de l\u2019escola.<\/p>\n<p style=\"text-align: justify;padding-left: 30px\">\u25b8<strong>Escola i pastoral <\/strong><\/p>\n<p style=\"padding-left: 40px\">Encarregat de dinamitzar el projecte pastoral i\/o socioeducatiu del centre educatiu<\/p>\n<p style=\"text-align: justify;padding-left: 30px\">\u25b8<strong>PAS<\/strong><\/p>\n<p style=\"padding-left: 40px\">Administradors i Personal d\u2019Administraci\u00f3 i Serveis<\/p>\n<p style=\"text-align: justify;padding-left: 30px\">\u25b8<strong>Responsable de qualitat<\/strong><\/p>\n<p style=\"padding-left: 40px\">Encarregat de la implantaci\u00f3 dels sistemes de gesti\u00f3 de qualitat del centre.<\/p>\n<\/div><div class=\"fusion-clearfix\"><\/div>\n\n\t\t\t\t\t<\/div>\n\t\t\t\t<\/div><\/div><\/div>\n","protected":false},"excerpt":{"rendered":"","protected":false},"author":6,"featured_media":0,"parent":0,"menu_order":0,"comment_status":"closed","ping_status":"closed","template":"","meta":{"footnotes":""},"_links":{"self":[{"href":"http:\/\/blogs.escolacristiana.org\/formacio\/wp-json\/wp\/v2\/pages\/19"}],"collection":[{"href":"http:\/\/blogs.escolacristiana.org\/formacio\/wp-json\/wp\/v2\/pages"}],"about":[{"href":"http:\/\/blogs.escolacristiana.org\/formacio\/wp-json\/wp\/v2\/types\/page"}],"author":[{"embeddable":true,"href":"http:\/\/blogs.escolacristiana.org\/formacio\/wp-json\/wp\/v2\/users\/6"}],"replies":[{"embeddable":true,"href":"http:\/\/blogs.escolacristiana.org\/formacio\/wp-json\/wp\/v2\/comments?post=19"}],"version-history":[{"count":21,"href":"http:\/\/blogs.escolacristiana.org\/formacio\/wp-json\/wp\/v2\/pages\/19\/revisions"}],"predecessor-version":[{"id":6068,"href":"http:\/\/blogs.escolacristiana.org\/formacio\/wp-json\/wp\/v2\/pages\/19\/revisions\/6068"}],"wp:attachment":[{"href":"http:\/\/blogs.escolacristiana.org\/formacio\/wp-json\/wp\/v2\/media?parent=19"}],"curies":[{"name":"wp","href":"https:\/\/api.w.org\/{rel}","templated":true}]}}