{"id":3167,"date":"2020-03-19T10:06:07","date_gmt":"2020-03-19T09:06:07","guid":{"rendered":"http:\/\/blogs.escolacristiana.org\/formacio\/?page_id=3167"},"modified":"2020-04-21T10:32:15","modified_gmt":"2020-04-21T09:32:15","slug":"consells-generals-per-a-les-families","status":"publish","type":"page","link":"http:\/\/blogs.escolacristiana.org\/formacio\/consells-generals-per-a-les-families\/","title":{"rendered":"Consells generals per a les fam\u00edlies"},"content":{"rendered":"<h2><strong>CONSELLS GENERALS per a les fam\u00edlies<\/strong><\/h2>\n<p>&nbsp;<\/p>\n<p><strong>\u25b8<\/strong> <a href=\"http:\/\/revistaxq.com\/es\/2020\/03\/15\/estudiar-desde-el-bunker-guia-critica-para-aprender-a-distancia\/?utm_source=Centros+Educativos+Catalu%C3%B1a&amp;utm_campaign=76654bc5fa-EMAIL_CAMPAIGN_2020_03_16_08_39&amp;utm_medium=email&amp;utm_term=0_eca9f370fb-76654bc5fa-154934533\"><strong>L&#8217;educaci\u00f3 a dist\u00e0ncia. Algunes reflexions<\/strong><\/a>\u00a0 &#8211; <em>Vedruna &#8211; Escorial Vic<\/em><\/p>\n<p><strong>\u25b8<\/strong> <strong><a href=\"https:\/\/psicopedagogia.vedrunacatalunya.cat\/el-coronavirus-langoixa-i-la-quarantena\/\">Consells de l&#8217;equip psicopedag\u00f2gic de Vedruna Catalunya<\/a><\/strong> &#8211; <em>Vedruna &#8211; Escorial Vic<\/em><\/p>\n<p><strong>\u25b8<\/strong> <a href=\"https:\/\/psicopedagogia.vedrunacatalunya.cat\/el-coronavirus-langoixa-i-la-quarantena\/\"><strong>Consells de l&#8217;equip psicopedag\u00f2gic d&#8217;infantil i prim\u00e0ria<\/strong><\/a> &#8211; <em>Vedruna &#8211; Escorial Vic<\/em><\/p>\n<p><strong>\u25b8<\/strong> <a href=\"https:\/\/drive.google.com\/open?id=1sW0vqhoJ9_YOmJqbKE_uPpeUas1VN78_\"><strong>Consells de l&#8217;equip psicopedag\u00f2gic de secund\u00e0ria<\/strong><\/a> &#8211; <em>Vedruna &#8211; Escorial Vic<\/em><\/p>\n<p><strong>\u25b8<\/strong>\u00a0<a href=\"http:\/\/blogs.escolacristiana.org\/formacio\/files\/2020\/03\/Guia-emocional-coronavirus-FAM\u00cdLIES.pdf\"><strong>Guia emocional per la cristi del coronavirus<\/strong><\/a>. <strong>Equip Look inside<\/strong> &#8211; <em>Fundaci\u00f3 Educativa Dominiques de l&#8217;Ensenyament<\/em><\/p>\n<p><strong>\u25b8<\/strong>\u00a0<strong><a href=\"http:\/\/blogs.escolacristiana.org\/formacio\/files\/2020\/03\/RECOMENDACIONES-COVID19-PROTECCION-INFANCIA-27-3-2020.pdf\">Recomanacions per a la protecci\u00f3n de la infancia i l&#8217;adolesc\u00e8ncia.<\/a> Ministeri de Drets Socials<\/strong>\u00a0&#8211; <em>FECC<\/em><\/p>\n<p><strong>\u25b8<\/strong> <a href=\"http:\/\/blogs.escolacristiana.org\/formacio\/files\/2020\/04\/Dec\u00e0leg-Cu\u00eddat.pdf\"><strong>Dec\u00e0leg &#8220;Cuida&#8217;t&#8221;<\/strong><\/a>\u00a0 &#8211; <em>Fundaci\u00f3 Vedruna Catalunya Educaci\u00f3 &#8211; Anna Maria Rif\u00e0 Sais<\/em><\/p>\n","protected":false},"excerpt":{"rendered":"<p>CONSELLS GENERALS per a les fam\u00edlies [&hellip;]<\/p>\n","protected":false},"author":14,"featured_media":0,"parent":0,"menu_order":0,"comment_status":"closed","ping_status":"closed","template":"","meta":{"footnotes":""},"_links":{"self":[{"href":"http:\/\/blogs.escolacristiana.org\/formacio\/wp-json\/wp\/v2\/pages\/3167"}],"collection":[{"href":"http:\/\/blogs.escolacristiana.org\/formacio\/wp-json\/wp\/v2\/pages"}],"about":[{"href":"http:\/\/blogs.escolacristiana.org\/formacio\/wp-json\/wp\/v2\/types\/page"}],"author":[{"embeddable":true,"href":"http:\/\/blogs.escolacristiana.org\/formacio\/wp-json\/wp\/v2\/users\/14"}],"replies":[{"embeddable":true,"href":"http:\/\/blogs.escolacristiana.org\/formacio\/wp-json\/wp\/v2\/comments?post=3167"}],"version-history":[{"count":8,"href":"http:\/\/blogs.escolacristiana.org\/formacio\/wp-json\/wp\/v2\/pages\/3167\/revisions"}],"predecessor-version":[{"id":3629,"href":"http:\/\/blogs.escolacristiana.org\/formacio\/wp-json\/wp\/v2\/pages\/3167\/revisions\/3629"}],"wp:attachment":[{"href":"http:\/\/blogs.escolacristiana.org\/formacio\/wp-json\/wp\/v2\/media?parent=3167"}],"curies":[{"name":"wp","href":"https:\/\/api.w.org\/{rel}","templated":true}]}}

Consells generals per a les famílies

<h2><strong>CONSELLS GENERALS per a les famílies</strong></h2>
<p>&nbsp;</p>
<p><strong>▸</strong> <a href="http://revistaxq.com/es/2020/03/15/estudiar-desde-el-bunker-guia-critica-para-aprender-a-distancia/?utm_source=Centros+Educativos+Catalu%C3%B1a&amp;utm_campaign=76654bc5fa-EMAIL_CAMPAIGN_2020_03_16_08_39&amp;utm_medium=email&amp;utm_term=0_eca9f370fb-76654bc5fa-154934533"><strong>L&#8217;educació a distància. Algunes reflexions</strong></a>  &#8211; <em>Vedruna &#8211; Escorial Vic</em></p>
<p><strong>▸</strong> <strong><a href="https://psicopedagogia.vedrunacatalunya.cat/el-coronavirus-langoixa-i-la-quarantena/">Consells de l&#8217;equip psicopedagògic de Vedruna Catalunya</a></strong> &#8211; <em>Vedruna &#8211; Escorial Vic</em></p>
<p><strong>▸</strong> <a href="https://psicopedagogia.vedrunacatalunya.cat/el-coronavirus-langoixa-i-la-quarantena/"><strong>Consells de l&#8217;equip psicopedagògic d&#8217;infantil i primària</strong></a> &#8211; <em>Vedruna &#8211; Escorial Vic</em></p>
<p><strong>▸</strong> <a href="https://drive.google.com/open?id=1sW0vqhoJ9_YOmJqbKE_uPpeUas1VN78_"><strong>Consells de l&#8217;equip psicopedagògic de secundària</strong></a> &#8211; <em>Vedruna &#8211; Escorial Vic</em></p>
<p><strong>▸</strong> <a href="http://blogs.escolacristiana.org/formacio/files/2020/03/Guia-emocional-coronavirus-FAMÍLIES.pdf"><strong>Guia emocional per la cristi del coronavirus</strong></a>. <strong>Equip Look inside</strong> &#8211; <em>Fundació Educativa Dominiques de l&#8217;Ensenyament</em></p>
<p><strong>▸</strong> <strong><a href="http://blogs.escolacristiana.org/formacio/files/2020/03/RECOMENDACIONES-COVID19-PROTECCION-INFANCIA-27-3-2020.pdf">Recomanacions per a la protección de la infancia i l&#8217;adolescència.</a> Ministeri de Drets Socials</strong> &#8211; <em>FECC</em></p>
<p><strong>▸</strong> <a href="http://blogs.escolacristiana.org/formacio/files/2020/04/Decàleg-Cuídat.pdf"><strong>Decàleg &#8220;Cuida&#8217;t&#8221;</strong></a>  &#8211; <em>Fundació Vedruna Catalunya Educació &#8211; Anna Maria Rifà Sais</em></p>

<p>CONSELLS GENERALS per a les famílies [&hellip;]</p>
