{"id":3180,"date":"2020-03-19T14:03:19","date_gmt":"2020-03-19T13:03:19","guid":{"rendered":"http:\/\/blogs.escolacristiana.org\/formacio\/?page_id=3180"},"modified":"2020-03-31T15:54:41","modified_gmt":"2020-03-31T14:54:41","slug":"passatemps-educatius","status":"publish","type":"page","link":"http:\/\/blogs.escolacristiana.org\/formacio\/passatemps-educatius\/","title":{"rendered":"Passatemps educatius"},"content":{"rendered":"<h2><strong>Passatemps educatius<\/strong><\/h2>\n<p>&nbsp;<\/p>\n<p>\u25b8\u00a0<strong><a href=\"http:\/\/cavallfort.cat\/audiocontes\/\">Els audiocontes del Tatano<\/a> <em>&#8211;\u00a0 <\/em><\/strong><em>Edicions Cavall Fort<\/em><\/p>\n<p><strong>\u25b8\u00a0<a href=\"http:\/\/blogs.escolacristiana.org\/formacio\/files\/2020\/03\/Activitats-per-fer-amb-criatures-a-casa.pdf.pdf\">Activitats per fer amb criatures a casa.<\/a> Diari ARA\u00a0<\/strong> <strong><em>&#8211;\u00a0 <\/em><\/strong><em>FECC<\/em><\/p>\n<p>\u25b8\u00a0<strong><a href=\"https:\/\/cavallfort.cat\/jo-em-quedo-a-casa\/\">Manualitats, jocs i receptes amb Cavall Fort<\/a> <em>&#8211;\u00a0 <\/em><\/strong><em>Edicions Cavall Fort<\/em><\/p>\n<p>\u25b8\u00a0<strong><a href=\"https:\/\/drive.google.com\/open?id=19_PUqd3HTR_jz6DDcqaRe7uJPcAk0fnO\">El Pont del Diable de Martorell\u00a0<\/a>(retallable) <em>&#8211;\u00a0 <\/em><\/strong><em>Vedruna &#8211; Escorial Vic<\/em><\/p>\n<p><strong>\u25b8 <a href=\"https:\/\/drive.google.com\/open?id=1hJVBqOWSCSzvKo-tEB7YxP3p4FD-_Lsb\">Fitxes de passatemps per a totes les edats<\/a>\u00a0<\/strong><strong>\u00a0<em>&#8211;\u00a0 <\/em><\/strong><em>Vedruna &#8211; Escorial Vic<\/em><\/p>\n<p><strong>\u25b8 <a href=\"https:\/\/www.google.com\/url?q=https%3A%2F%2Fagora.xtec.cat%2Fieaoriolmartorell%2Fmoodle%2Fmod%2Fpage%2Fview.php%3Fid%3D28244%26lang%3Den&amp;sa=D&amp;sntz=1&amp;usg=AFQjCNF2aipKFNax1YW15zLr7WOQ9YiCpQ\">Passatemps per aprendre la llengua<\/a>\u00a0<\/strong><strong>\u00a0<em>&#8211;\u00a0 <\/em><\/strong><em>Vedruna &#8211; Escorial Vic<\/em><\/p>\n<p><strong>\u25b8 <a href=\"https:\/\/drive.google.com\/open?id=1KAUQHi5yVJY1_P4LnRRbki-SE6ikEzNO\">Passatemps pels m\u00e9s petits &#8220;La ciutat de color vermell&#8221;<\/a>\u00a0<\/strong><strong>\u00a0<em>&#8211;\u00a0 <\/em><\/strong><em>Vedruna &#8211; Escorial Vic<\/em><\/p>\n<p><strong>\u25b8 <a href=\"https:\/\/drive.google.com\/open?id=1tPOqzAivAmZkt78dohetaIDF4khiJbBg\">Passatemps pels m\u00e9s petits &#8220;Els bombers&#8221;<\/a>\u00a0<\/strong><strong>\u00a0<em>&#8211;\u00a0 <\/em><\/strong><em>Vedruna &#8211; Escorial Vic<\/em><\/p>\n<p><strong>\u25b8 <a href=\"https:\/\/drive.google.com\/open?id=1OKPrXOQ0amW_a-wELKs7eH9YtjfKk4XJ\">Passatemps pels m\u00e9s petits &#8220;Fem un flam?&#8221;<\/a>\u00a0<\/strong><strong>\u00a0<em>&#8211;\u00a0 <\/em><\/strong><em>Vedruna &#8211; Escorial Vic<\/em><\/p>\n<p><strong>\u25b8 <a href=\"https:\/\/www.google.com\/url?q=https%3A%2F%2Fwww.elnacional.cat%2Fca%2Fencreuats.html&amp;sa=D&amp;sntz=1&amp;usg=AFQjCNFZsnG0n8_Tpm6_blTClX-sivj0Jg\">Mots encreuats en l\u00ednia<\/a> (Per a totes les edats) <\/strong><strong><em>&#8211;\u00a0 <\/em><\/strong><em>Vedruna &#8211; Escorial Vic<\/em><\/p>\n<p><strong>\u25b8 <a href=\"https:\/\/drive.google.com\/open?id=162wZyYNzNuuGi9KDCnMG3f6bwu8xEkye\">Passatemps ling\u00fc\u00edstics 1<\/a> (Per a totes les edats)\u00a0<\/strong> <strong><em>&#8211;\u00a0 <\/em><\/strong><em>Vedruna &#8211; Escorial Vic<\/em><\/p>\n<p><strong>\u25b8 <a href=\"https:\/\/drive.google.com\/open?id=1EliPdXcSAAIJrOgNIvnkc9VBpvnsYgfY\">Passatemps ling\u00fc\u00edstics 2<\/a> (Per a totes les edats)\u00a0<\/strong> <strong><em>&#8211;\u00a0 <\/em><\/strong><em>Vedruna &#8211; Escorial Vic<\/em><\/p>\n<p><strong>\u25b8 <a href=\"https:\/\/drive.google.com\/open?id=1KLzQ6HwJGh8JBQ-tVmyBqQ8PvgzzvfHA\">Passatemps ling\u00fc\u00edstics 3<\/a> (Per a totes les edats)\u00a0<\/strong> <strong><em>&#8211;\u00a0 <\/em><\/strong><em>Vedruna &#8211; Escorial Vic<\/em><\/p>\n<p><strong>\u25b8 <a href=\"https:\/\/drive.google.com\/open?id=1nWBeNVPgdLk3qMR_X18DkpYe5_eyTDyd\">Passatemps ling\u00fc\u00edstics SOLUCIONARI<\/a> (Per a totes les edats)\u00a0<\/strong> <strong><em>&#8211;\u00a0 <\/em><\/strong><em>Vedruna &#8211; Escorial Vic<\/em><\/p>\n<p><strong>\u25b8\u00a0<a href=\"https:\/\/drive.google.com\/open?id=1JkyZzcjUTX4a608ZjklUhUIO_Jq2QSDg\">Va de cuina. Receptes 1<\/a>\u00a0<\/strong> <strong><em>&#8211;\u00a0 <\/em><\/strong><em>Vedruna &#8211; Escorial Vic<\/em><\/p>\n<p><strong>\u25b8 <a href=\"https:\/\/www.youtube.com\/watch?v=5aRGjycDptw\">Tutorial per veure els exercicis f\u00edsics per mantenir la forma<\/a><\/strong> <strong>(en castell\u00e0) <em>&#8211;\u00a0 <\/em><\/strong><em>Vedruna &#8211; Escorial Vic<\/em><\/p>\n<p><strong>\u25b8 <a href=\"https:\/\/drive.google.com\/open?id=17h4kjQV-n6Iu9mFyCr-9pdRIktotcxG4\">Proposta de calendari per fer exercici f\u00edsic durant el mes de mar\u00e7<\/a><\/strong> <strong><em>&#8211;\u00a0 <\/em><\/strong><em>Vedruna &#8211; Escorial Vic<\/em><\/p>\n<p><strong>\u25b8 <a href=\"https:\/\/drive.google.com\/open?id=1OwvXwmlydp7pObAjKXso7z4P8asLgp9z\">Setanta propostes per jugar amb els nens dins de casa\u00a0<\/a><\/strong><strong>(en castell\u00e0) <\/strong> <strong><em>&#8211;\u00a0 <\/em><\/strong><em>Vedruna &#8211; Escorial Vic<\/em><\/p>\n<p><strong>\u25b8\u00a0<a href=\"https:\/\/planefinder.net\/\">Consulta tots els avi\u00f3n que estan volant ara mateix\u00a0\u00a0<\/a><\/strong> <strong><em>&#8211;\u00a0 <\/em><\/strong><em>Vedruna &#8211; Escorial Vic<\/em><\/p>\n<p><strong>\u25b8\u00a0<a href=\"http:\/\/www.cristic.com\/\">Cristic. Jocs educatius on-line\u00a0\u00a0<\/a><\/strong> <strong><em>&#8211;\u00a0 <\/em><\/strong><em>Departament TIC (FECC)<\/em><\/p>\n<p><strong>\u25b8\u00a0<a href=\"http:\/\/blogs.escolacristiana.org\/formacio\/files\/2020\/03\/LOca-del-confinament.pdf\">Joc de l&#8217;Oca del confinament.<\/a> Associaci\u00f3 Catalana de la Inf\u00e0ncia i l&#8217;adolesc\u00e8ncia\u00a0<\/strong> <strong><em>&#8211;\u00a0 <\/em><\/strong><em>FECC<\/em><\/p>\n<p>&nbsp;<\/p>\n","protected":false},"excerpt":{"rendered":"<p>Passatemps educatius &nbsp; \u25b8\u00a0Els audiocontes del [&hellip;]<\/p>\n","protected":false},"author":14,"featured_media":0,"parent":0,"menu_order":0,"comment_status":"closed","ping_status":"closed","template":"","meta":{"footnotes":""},"_links":{"self":[{"href":"http:\/\/blogs.escolacristiana.org\/formacio\/wp-json\/wp\/v2\/pages\/3180"}],"collection":[{"href":"http:\/\/blogs.escolacristiana.org\/formacio\/wp-json\/wp\/v2\/pages"}],"about":[{"href":"http:\/\/blogs.escolacristiana.org\/formacio\/wp-json\/wp\/v2\/types\/page"}],"author":[{"embeddable":true,"href":"http:\/\/blogs.escolacristiana.org\/formacio\/wp-json\/wp\/v2\/users\/14"}],"replies":[{"embeddable":true,"href":"http:\/\/blogs.escolacristiana.org\/formacio\/wp-json\/wp\/v2\/comments?post=3180"}],"version-history":[{"count":7,"href":"http:\/\/blogs.escolacristiana.org\/formacio\/wp-json\/wp\/v2\/pages\/3180\/revisions"}],"predecessor-version":[{"id":3483,"href":"http:\/\/blogs.escolacristiana.org\/formacio\/wp-json\/wp\/v2\/pages\/3180\/revisions\/3483"}],"wp:attachment":[{"href":"http:\/\/blogs.escolacristiana.org\/formacio\/wp-json\/wp\/v2\/media?parent=3180"}],"curies":[{"name":"wp","href":"https:\/\/api.w.org\/{rel}","templated":true}]}}

<h2><strong>Passatemps educatius</strong></h2>
<p>&nbsp;</p>
<p>▸ <strong><a href="http://cavallfort.cat/audiocontes/">Els audiocontes del Tatano</a> <em>&#8211;  </em></strong><em>Edicions Cavall Fort</em></p>
<p><strong>▸ <a href="http://blogs.escolacristiana.org/formacio/files/2020/03/Activitats-per-fer-amb-criatures-a-casa.pdf.pdf">Activitats per fer amb criatures a casa.</a> Diari ARA </strong> <strong><em>&#8211;  </em></strong><em>FECC</em></p>
<p>▸ <strong><a href="https://cavallfort.cat/jo-em-quedo-a-casa/">Manualitats, jocs i receptes amb Cavall Fort</a> <em>&#8211;  </em></strong><em>Edicions Cavall Fort</em></p>
<p>▸ <strong><a href="https://drive.google.com/open?id=19_PUqd3HTR_jz6DDcqaRe7uJPcAk0fnO">El Pont del Diable de Martorell </a>(retallable) <em>&#8211;  </em></strong><em>Vedruna &#8211; Escorial Vic</em></p>
<p><strong>▸ <a href="https://drive.google.com/open?id=1hJVBqOWSCSzvKo-tEB7YxP3p4FD-_Lsb">Fitxes de passatemps per a totes les edats</a> </strong><strong> <em>&#8211;  </em></strong><em>Vedruna &#8211; Escorial Vic</em></p>
<p><strong>▸ <a href="https://www.google.com/url?q=https%3A%2F%2Fagora.xtec.cat%2Fieaoriolmartorell%2Fmoodle%2Fmod%2Fpage%2Fview.php%3Fid%3D28244%26lang%3Den&amp;sa=D&amp;sntz=1&amp;usg=AFQjCNF2aipKFNax1YW15zLr7WOQ9YiCpQ">Passatemps per aprendre la llengua</a> </strong><strong> <em>&#8211;  </em></strong><em>Vedruna &#8211; Escorial Vic</em></p>
<p><strong>▸ <a href="https://drive.google.com/open?id=1KAUQHi5yVJY1_P4LnRRbki-SE6ikEzNO">Passatemps pels més petits &#8220;La ciutat de color vermell&#8221;</a> </strong><strong> <em>&#8211;  </em></strong><em>Vedruna &#8211; Escorial Vic</em></p>
<p><strong>▸ <a href="https://drive.google.com/open?id=1tPOqzAivAmZkt78dohetaIDF4khiJbBg">Passatemps pels més petits &#8220;Els bombers&#8221;</a> </strong><strong> <em>&#8211;  </em></strong><em>Vedruna &#8211; Escorial Vic</em></p>
<p><strong>▸ <a href="https://drive.google.com/open?id=1OKPrXOQ0amW_a-wELKs7eH9YtjfKk4XJ">Passatemps pels més petits &#8220;Fem un flam?&#8221;</a> </strong><strong> <em>&#8211;  </em></strong><em>Vedruna &#8211; Escorial Vic</em></p>
<p><strong>▸ <a href="https://www.google.com/url?q=https%3A%2F%2Fwww.elnacional.cat%2Fca%2Fencreuats.html&amp;sa=D&amp;sntz=1&amp;usg=AFQjCNFZsnG0n8_Tpm6_blTClX-sivj0Jg">Mots encreuats en línia</a> (Per a totes les edats) </strong><strong><em>&#8211;  </em></strong><em>Vedruna &#8211; Escorial Vic</em></p>
<p><strong>▸ <a href="https://drive.google.com/open?id=162wZyYNzNuuGi9KDCnMG3f6bwu8xEkye">Passatemps lingüístics 1</a> (Per a totes les edats) </strong> <strong><em>&#8211;  </em></strong><em>Vedruna &#8211; Escorial Vic</em></p>
<p><strong>▸ <a href="https://drive.google.com/open?id=1EliPdXcSAAIJrOgNIvnkc9VBpvnsYgfY">Passatemps lingüístics 2</a> (Per a totes les edats) </strong> <strong><em>&#8211;  </em></strong><em>Vedruna &#8211; Escorial Vic</em></p>
<p><strong>▸ <a href="https://drive.google.com/open?id=1KLzQ6HwJGh8JBQ-tVmyBqQ8PvgzzvfHA">Passatemps lingüístics 3</a> (Per a totes les edats) </strong> <strong><em>&#8211;  </em></strong><em>Vedruna &#8211; Escorial Vic</em></p>
<p><strong>▸ <a href="https://drive.google.com/open?id=1nWBeNVPgdLk3qMR_X18DkpYe5_eyTDyd">Passatemps lingüístics SOLUCIONARI</a> (Per a totes les edats) </strong> <strong><em>&#8211;  </em></strong><em>Vedruna &#8211; Escorial Vic</em></p>
<p><strong>▸ <a href="https://drive.google.com/open?id=1JkyZzcjUTX4a608ZjklUhUIO_Jq2QSDg">Va de cuina. Receptes 1</a> </strong> <strong><em>&#8211;  </em></strong><em>Vedruna &#8211; Escorial Vic</em></p>
<p><strong>▸ <a href="https://www.youtube.com/watch?v=5aRGjycDptw">Tutorial per veure els exercicis físics per mantenir la forma</a></strong> <strong>(en castellà) <em>&#8211;  </em></strong><em>Vedruna &#8211; Escorial Vic</em></p>
<p><strong>▸ <a href="https://drive.google.com/open?id=17h4kjQV-n6Iu9mFyCr-9pdRIktotcxG4">Proposta de calendari per fer exercici físic durant el mes de març</a></strong> <strong><em>&#8211;  </em></strong><em>Vedruna &#8211; Escorial Vic</em></p>
<p><strong>▸ <a href="https://drive.google.com/open?id=1OwvXwmlydp7pObAjKXso7z4P8asLgp9z">Setanta propostes per jugar amb els nens dins de casa </a></strong><strong>(en castellà) </strong> <strong><em>&#8211;  </em></strong><em>Vedruna &#8211; Escorial Vic</em></p>
<p><strong>▸ <a href="https://planefinder.net/">Consulta tots els avión que estan volant ara mateix  </a></strong> <strong><em>&#8211;  </em></strong><em>Vedruna &#8211; Escorial Vic</em></p>
<p><strong>▸ <a href="http://www.cristic.com/">Cristic. Jocs educatius on-line  </a></strong> <strong><em>&#8211;  </em></strong><em>Departament TIC (FECC)</em></p>
<p><strong>▸ <a href="http://blogs.escolacristiana.org/formacio/files/2020/03/LOca-del-confinament.pdf">Joc de l&#8217;Oca del confinament.</a> Associació Catalana de la Infància i l&#8217;adolescència </strong> <strong><em>&#8211;  </em></strong><em>FECC</em></p>
<p>&nbsp;</p>
